= b + f. What is the units digit of d?
8
Let c be (6 + -6)*1*-1. Let z be (7/2)/((-2)/8). Let d = c - z. What is the tens digit of d?
1
Let u(z) = -2*z**2 + 9*z - 8. Let o be u(6). Let j = o + 38. What is the tens digit of j?
1
Suppose -1 = -2*o - a + 3, -3*o = -5*a - 19. Suppose o*w = i - 7, 0 = i - 0*w + w + 9. Let t = 0 - i. What is the units digit of t?
5
Let m(v) = 3*v + 1. Let q be m(-5). Let p = 24 + q. Let w = p + -5. What is the units digit of w?
5
Let h(a) = -a**3 + 8*a**2 - 7*a - 2. Let z be h(6). Let s = -25 + 28. Suppose s*v = -2*t - v + z, -t - v + 10 = 0. What is the units digit of t?
6
Let s = -3 + 15. Let g = s - 17. What is the units digit of -14*(2 - g/(-2))?
7
Let u be -1*1 + 40/8. Let v be 8*2*14/8. Suppose -3*k + k + v = 4*w, 3*k + 8 = u*w. What is the units digit of w?
5
Let h be (-72)/(-20)*20/6. Let t = -10 + h. Let b = t + -1. What is the units digit of b?
1
Let w = -23 - -95. What is the units digit of (w/(-27))/((-2)/12)?
6
Suppose -2*k + 5*o = -k - 148, 624 = 5*k + 4*o. What is the units digit of k?
8
Suppose -2*u - 3*p + 106 = 42, -4*p = 5*u - 167. What is the tens digit of u?
3
Let q(y) = -6*y**3 - y**2 + 4*y + 3. What is the tens digit of q(-2)?
3
Let c be (-96)/18 - (-2)/6. Let m(i) = -i**2 - 4*i - 5. Let r be m(c). What is the units digit of r/4*16/(-10)?
4
Let c(i) = -24*i**3 - i**2 - i. Let o be c(-1). Let r be (-3)/18 - (-1)/6. Suppose 2*x + 0*x - o = r. What is the tens digit of x?
1
Let d(r) = 3*r + 11. Let c be d(-9). Let p = c + 29. What is the tens digit of p?
1
Suppose 2*a - 19 = 5*x, 2*a - 23 = a - 2*x. What is the tens digit of a?
1
Suppose -5*v - 360 = f, f = 4*v - 56 + 335. Let o = v + 100. What is the units digit of o?
9
Suppose -2*o + 189 = -r, -o + 91 = -4*r - 0*r. What is the tens digit of o?
9
Suppose 2*m + 2*m = 20. What is the units digit of 12/20 - (-2)/m?
1
Let r be (-20)/(-6) + (-12)/(-18). Suppose 4*q + 3*i + 0*i = 23, -5*q = -r*i + 10. Suppose 0 = -0*w + q*w - 32. What is the units digit of w?
6
Let k be -5*(0 + 0 + -2). Suppose -5*w + r + 10 = 0, -5*r = -3*r - k. What is the units digit of w?
3
Let i(x) = -x**3 - 9*x**2 - 4*x - 10. Let m be i(-9). Suppose s = 4*v + m, s + 3*v = -v + 2. Suppose -a + s = a. What is the units digit of a?
7
Let c(o) be the third derivative of o**6/40 - o**5/60 + o**4/12 - o**3/6 + 2*o**2. Let x = 4 + -3. What is the units digit of c(x)?
3
Suppose 0 = 2*p + 2*p - 20. Let t = 58 - -17. Suppose 0*h + t = p*h. What is the units digit of h?
5
Let m = -258 + 440. What is the tens digit of m?
8
Let w(r) = 4*r + 37. What is the tens digit of w(16)?
0
Let h be 48/(-15) + (-2)/(-10). Let g = 9 + h. Suppose -3*c = -2*c - g. What is the units digit of c?
6
Let m(w) = w**2 + w + 1. Let q be m(0). Suppose 0 = 3*b - 2*b - q. What is the units digit of 0 - (2 - b - 6)?
5
Let r(h) = 2*h - 3. Let j be r(-4). What is the units digit of j*(2 - -2)/(-4)?
1
Suppose 0 = -0*i - 2*i + 6. Suppose i + 17 = 2*q. Suppose 2 = t - q. What is the tens digit of t?
1
Let x(g) = -57*g + 3. Let d be x(1). Let t = 75 + d. What is the tens digit of t?
2
Suppose 2*c + c - 183 = 0. What is the tens digit of c?
6
Suppose 5*r = 3*h + 156, 0 = 3*r + 2*r + 5*h - 180. What is the tens digit of r?
3
Suppose 4*f + 134 - 358 = 0. What is the units digit of f?
6
Let w = 97 + -20. What is the units digit of w?
7
Suppose 0*m = 2*m - 6, 4*k - 5*m = -27. Suppose 3*f = f + 32. What is the tens digit of (2 + f/(-3))*k?
1
Let q(a) = a**2 - 4*a + 10. What is the tens digit of q(10)?
7
Suppose -2*a + 10 = 0, 2*a = i - 0*i + 8. Suppose 0 = 5*l + i*z - 0*z - 44, 0 = 2*l - 4*z - 8. What is the units digit of l?
8
Let u(g) = -17*g + 4. Let p be u(-4). Suppose 2*i = p + 10. What is the units digit of i?
1
Let a be 12/1*(-3)/(-6). Let h = a + -3. Suppose -o + 8 = h*o. What is the units digit of o?
2
Let y = 6 + -2. Suppose 4*k + 25 = 5*l - 54, -2*l - y*k + 26 = 0. What is the units digit of (l/(-9))/(-5)*6?
2
Suppose 4*x - 44 = -0*w - 4*w, -2*w - 3*x = -24. What is the units digit of w?
9
Suppose 5*m + d = -3*d + 2, -2*m + 5*d = 19. What is the units digit of 1/(2 + 2/m)?
1
Let r(u) = -18*u - 5. What is the units digit of r(-1)?
3
What is the tens digit of ((-4)/(-8))/((-1)/(-40))?
2
Let j = -10 - -16. Suppose s - j*s + 55 = -5*o, 0 = -4*s + 5*o + 46. What is the units digit of s?
9
Let j be (-140)/98*7/(-1). Suppose j + 70 = 4*p - 2*t, -2*p - 4*t + 30 = 0. What is the units digit of p?
9
Let d = 50 - 3. What is the tens digit of d?
4
Let u = 1 + 8. Suppose 0*y = -4*y - 12, -2*x + y = -17. Let k = u - x. What is the units digit of k?
2
Suppose 2*l = -2*l - 20. Let k = 17 + l. What is the tens digit of k?
1
Suppose 6*x = 2*x - 16. Let y = 4 - 9. Let i = x - y. What is the units digit of i?
1
Let j(o) = -o - 1. Let z be ((-9)/3)/(6/4). What is the units digit of j(z)?
1
Let p = 171 + -94. What is the tens digit of p?
7
Let d = -20 - -10. What is the units digit of 8/(-20) + (-54)/d?
5
Let c = 33 + 3. What is the tens digit of c?
3
Suppose 5*k + 55 = -5*w, -k + 6 - 3 = -w. Let v = -4 - w. Suppose v*s + 6 = 5*s. What is the units digit of s?
3
Let g = 17 - 14. Suppose -n + 3 + g = 0. What is the units digit of n?
6
Let j = -1 + -27. What is the units digit of -3 + j*(-2)/4?
1
Let a(o) = o + 6. Let b(u) = -u**3 - 8*u**2 + 8*u - 6. Let n be b(-9). What is the units digit of a(n)?
9
Suppose 5*x = 2*x + 87. Suppose 4*w = 5 - x. What is the units digit of 3 + 4/w*-3?
5
Let n(l) = -44*l + 1. Let z be n(1). Let d = -28 - z. What is the units digit of d?
5
Let j = -363 - -518. What is the units digit of j?
5
Let u = -9 - -11. Suppose 0 = 2*j - u. What is the units digit of 14 + 0 - (-2 - j)?
7
Let r(w) = 6*w - 38. What is the units digit of r(7)?
4
Let k(y) = -y + 14. Let d be (-294)/30 - (-2)/(-10). What is the units digit of k(d)?
4
What is the tens digit of -5 - (-235)/45 - (-3670)/9?
0
What is the units digit of (21/(-14))/((-3)/10)?
5
Let k = 11 - 12. What is the units digit of (0 + -1)*1/k?
1
Suppose -2*y + 4*j + 10 + 2 = 0, 0 = -3*j + 6. Let u(q) = q**3 - 10*q**2 + 3*q - 11. What is the tens digit of u(y)?
1
Let x = 138 - 70. Suppose -2*s - 4*i + 9 + 3 = 0, -4*i - x = -3*s. What is the tens digit of s?
1
Let w(c) = -6*c + 4*c**2 + 21 + 6*c - 3*c**2 - c. What is the tens digit of w(0)?
2
Let y = -18 + 95. What is the units digit of y?
7
Suppose 0 = -2*w, 4*m - 122 = -2*w + 2. What is the units digit of m?
1
Let i = 200 + -164. What is the units digit of i?
6
Let j(l) = l**2 + 17. Suppose 5*b + 9 - 24 = 0. Let o be -2 - ((-9)/b - -1). What is the tens digit of j(o)?
1
Let i(q) = 14*q**2 + 2*q + 2. What is the units digit of i(-3)?
2
Let m be 0*(-3)/(-6) - -7. Suppose 29 = -2*o + m*o - 3*t, 5*o - 32 = 4*t. What is the units digit of o?
4
Let f(g) = g + 2. Let y be (-12)/(-5) - (-6)/(-15). Let p be f(y). What is the units digit of (0 - (-3)/6)*p?
2
What is the units digit of (-2)/(-5) + (-216)/(-60)?
4
Suppose -4*z = 3*c - 2, -5*z + c - 3 = 2*c. Let j be 0*(1 - (z + 1)). Suppose j*m - 3 = -m. What is the units digit of m?
3
Let d = 246 - 107. What is the tens digit of d?
3
Suppose -2*i = -8 - 2. Suppose 0 = -3*s + 4*r + 6, s - 3*r - 2 = i. What is the tens digit of (3 - (2 + 27))/s?
1
Let p(t) = t**2 + 5*t - 3. Suppose o + 57 = 2*n, -34 = -n + o - 4. Let u be (-183)/n + (-4)/18. What is the units digit of p(u)?
1
Suppose 4*c = d + 12 + 62, 3*c - 60 = 3*d. What is the units digit of c?
8
Let n be ((-2)/3)/(2/24). Let a be 1 + -1 - (4 + n). Suppose -a = -2*m + 10. What is the units digit of m?
7
Suppose 0 = -5*b + 17 + 3. Suppose -7*i = -m - b*i - 1, 4*m - 9 = -i. What is the units digit of m?
2
Let t = 11 - 15. Let y = t + 3. What is the units digit of 7*y*6/(-21)?
2
Suppose 3*z + q = 491, z - 169 = 3*q - 6*q. What is the tens digit of z?
6
Suppose y + 17 = k, 0*y + y - 43 = -2*k. Suppose 0 = -6*l + 2*l + k. Suppose a + 0*a = 3*h - 8, -3*h = l*a - 14. What is the units digit of h?
3
Suppose -12 = 2*a - 14. What is the units digit of a?
1
Let p = -44 - -110. Suppose -m = f + 4*f - 72, -3*m = 5*f - p. What is the units digit of 216/f + 4/(-10)?
4
Let k be (16/(-20))/((-6)/15). Let a = 0 - -5. Let y = a + k. What is the units digit of y?
7
Suppose -2*l + 126 = l. What is the units digit of l?
2
Suppose -3 = -d - 1. Suppose 6*